3
Let o(n) = 49*n + 4. Let k(d) = -33*d - 3. Let l = 12 + -7. Let i(p) = l*o(p) + 8*k(p). Let t be i(-4). Calculate the greatest common divisor of 8 and t.
8
Let k be (378/15)/((-3)/(-15)). Let y = -86 + k. Calculate the highest common divisor of y and 8.
8
Let n(q) = q**2 + 5*q - 32. Let s be n(-11). Calculate the greatest common divisor of s and 17.
17
Suppose 6*u + 25 = 4*n + 3*u, 3*u + 9 = 0. Suppose n*p = w + 19 - 2, -15 = 5*p. Let v = -17 - w. Calculate the greatest common divisor of 4 and v.
4
Suppose -4*h + 8*h = 32. Let o be (-68)/6*6/(-2). Let k = o - 10. What is the highest common factor of h and k?
8
Let g be (16/2)/((-1)/(-2)). Calculate the greatest common divisor of 80 and g.
16
Let m(k) = 9*k**3 - k**2 + k. Let d be m(1). Let p(c) = -c - 17 + 65 + c**2 + 15. Let v be p(0). Calculate the highest common divisor of v and d.
9
Let w(k) = k**2 + k + 10. Let t = -25 - -17. Let u be w(t). Calculate the highest common divisor of 6 and u.
6
Let q(j) be the second derivative of j**4/4 + 2*j**3/3 - j**2 - 3*j. Let l be q(-4). Let y be -1 + l - (-1 - -4). What is the highest common factor of y and 13?
13
Let w(m) = 13*m + 10. Let u be w(5). What is the highest common divisor of u and 15?
15
Let v be (14 - 0) + -4 + 2. Suppose -2*w = -3*r - 51, -2*w - r - 4*r + 43 = 0. What is the greatest common factor of v and w?
12
Let d be 0/(4 + -3) - 2. Let c be -3 + 40 + (d - 1). Let t be 2/2 - (-85 + 1). What is the greatest common divisor of c and t?
17
Suppose 5*h + 31 - 111 = 0. Suppose 2*g - 54 = -h. Let n = g + 17. What is the greatest common factor of 24 and n?
12
Suppose 3*g - 277 = -5*x + x, x - 69 = -g. What is the greatest common divisor of 175 and x?
35
Let g = 23 - 22. What is the highest common factor of g and 5?
1
Suppose 3*r + j = 15, -9 - 6 = -4*r - 3*j. What is the highest common factor of r and 12?
6
Let l(z) = 70*z + 5. Let x be l(1). Calculate the highest common factor of x and 25.
25
Let z = -93 + 94. What is the greatest common factor of 19 and z?
1
Let w be (-9)/(-54) + 154/12. Calculate the greatest common factor of 91 and w.
13
Suppose 5*u = -5*n + 30, 5*u + 10 = -10. What is the highest common divisor of n and 25?
5
Suppose -2*z + 3*s = 15, -7*z + s - 18 = -2*z. Let j(g) = -2*g. Let p be j(z). Let q = 13 + -4. What is the greatest common factor of q and p?
3
Let v be 1/(-2 + 54/26). Suppose -24 = -3*y - 3*g, -3*y - 13 = y - 5*g. Suppose 10 + 263 = y*m. Calculate the greatest common divisor of v and m.
13
Let w be ((-20)/(-14))/5*14. What is the highest common factor of 10 and w?
2
Suppose 3*w + 4*r - 32 = 0, -5*r = -3*w + 7*w - 41. Suppose 0*b - 44 = -w*b. Calculate the greatest common divisor of 55 and b.
11
Let o(v) = -v**3 + 9*v**2 - 6*v + 11. Let g be o(9). Let n = 76 + g. Calculate the highest common factor of n and 22.
11
Let r = 50 - 41. Calculate the highest common factor of r and 18.
9
Let l be ((105/4)/7)/(3/12). What is the highest common factor of 120 and l?
15
Let i(b) = -2*b**2 - 4*b + 9. Let l(f) = f**2 + f + 1. Let u(n) = i(n) + 3*l(n). Let s be u(0). What is the greatest common factor of s and 12?
12
Suppose -3*r + 280 = 55. Calculate the highest common factor of 50 and r.
25
Let c be (-12)/15 + (-904)/(-5). Calculate the highest common divisor of 20 and c.
20
Suppose -2*k - 3*j - 4 = -6, -k + 1 = j. Let h be (k*-1)/((-17)/510). Suppose i - 48 = -3*i. Calculate the highest common factor of i and h.
6
Let g = 8 + -4. Let u be 35 + 0 + -3 + g. Let p be 50/6 - 4/(-6). What is the highest common divisor of u and p?
9
Let p(z) = -4*z - 34. Let q be p(-21). What is the greatest common factor of 10 and q?
10
Let k be 1*(-1 - 2*-43). What is the highest common factor of k and 34?
17
Let n(r) = -r**2 - 16*r - 25. Let g be n(-12). What is the highest common divisor of g and 184?
23
Let z(l) = -l + 1. Let d be z(-1). Suppose -d*n + 3*n - 20 = 0. Calculate the greatest common divisor of n and 5.
5
Suppose -r - 157 = -4*h, 185 = 5*h + r - 6*r. Calculate the greatest common divisor of h and 50.
10
Suppose q - 40 = -3*q. Let j be -2 - 0 - (4 + 1). Let d(t) = -3*t + 9. Let a be d(j). Calculate the greatest common factor of q and a.
10
Let s be (-1)/(((-36)/(-8))/(-9)) - -45. What is the greatest common factor of 47 and s?
47
Let r = -7 + 2. Let l be (-24)/14 + 14/(-49). Let f = l - r. What is the highest common divisor of f and 12?
3
Let a(s) = -19*s + 4. Let m be a(-2). Let o = -22 + m. Calculate the highest common factor of 20 and o.
20
Suppose -t + 27 = 2*t. Suppose 3*c - 4*b = 86 + 153, -329 = -4*c - 5*b. What is the greatest common factor of c and t?
9
Let j be (-6)/(-3) - (-2 + -1). What is the greatest common factor of j and 45?
5
Suppose 56 = 2*q - 4*b, -5*q + 0*b = b - 195. What is the greatest common divisor of q and 57?
19
Suppose -t - 5*m = -270, 0 = 3*t + 2*t - 3*m - 1406. Calculate the highest common divisor of t and 35.
35
Let o be (-2)/(-6) + 32/3. Let f = 15 + -4. Calculate the highest common factor of f and o.
11
Suppose 4*p - 22 = -6. What is the greatest common factor of p and 8?
4
Let a(m) = -m + 8. Let i be a(0). What is the greatest common factor of 20 and i?
4
Let p be (5/(-4))/(1/(-4)). Let w(c) = -4 + p - 4*c - 1. Let a be w(-2). What is the greatest common factor of a and 12?
4
Suppose 8*i + 59 = 171. Calculate the highest common divisor of 42 and i.
14
Let o = 60 + -36. Suppose 2*u - o = -5*p, -39 = -4*p - 3*u - 17. Let b be (-370)/(-20) - 6/p. What is the highest common divisor of 34 and b?
17
Let n(l) = -l**2 - 9*l - 3. Let y be 40/(-6) + (-6)/(-9). Let z be n(y). What is the greatest common factor of z and 105?
15
Let t = -2 + 2. Suppose 8 = 2*y + 2*j, t = -3*y + 4*j + 18 - 6. Suppose -l + 83 = 4*v, -2*v - 3*l + 45 + 4 = 0. What is the greatest common factor of y and v?
4
Suppose 0 = -o - 4*w - 2, -4*o - 3*w + 26 = 8. Suppose -h - o = -2*h. What is the highest common factor of 18 and h?
6
Suppose t - 7 = -l + 2*t, 20 = 5*l - 2*t. Suppose 5 = -l*h + 3*a, h + h - 2*a + 2 = 0. Calculate the highest common factor of h and 3.
1
Let j(v) = -12*v**3 - 1. Let b be j(-1). Let q = -7 + 51. Calculate the highest common divisor of b and q.
11
Suppose -37 - 23 = 5*m. Let s = 1 - m. What is the highest common divisor of s and 13?
13
Let s = 172 - -521. Calculate the greatest common factor of 63 and s.
63
Let n(d) = -2*d - 6. Let w be n(-6). Calculate the highest common divisor of w and 15.
3
Suppose 6*g - 780 = -7*g. Calculate the greatest common divisor of g and 12.
12
Let j be ((-6)/(-4))/(9/12). Suppose j*p - 102 = 42. Calculate the greatest common factor of 9 and p.
9
Let b(t) = -t**3 + 7*t**2 - 6*t - 1. Let y be b(6). Let j be y/(1 + 1)*-28. What is the greatest common factor of 98 and j?
14
Suppose -2*c = 4*v - 38, 2*v = 5*v + c - 31. What is the greatest common divisor of 84 and v?
12
Let u(p) = -p + 5. Let z be u(0). Suppose -z = -f, -222 = -2*g - 2*g - 2*f. Suppose 3*t = g + 73. Calculate the greatest common factor of t and 63.
21
Suppose 3*r - 48 = 3*w, 3*r - 50 = -r - 3*w. Calculate the greatest common factor of 7 and r.
7
Suppose -43 + 19 = -p. Suppose 4*m = 36 + p. What is the highest common factor of m and 105?
15
Let h be (0 + 9)*(1 - 2). Let b(k) = -6*k + 12. Let u be b(h). Calculate the greatest common factor of 6 and u.
6
Let r(j) = -5*j - 12. Let z be r(-8). Let m = -17 + z. Calculate the highest common divisor of 88 and m.
11
Suppose -p = 3*p - 12. Suppose 0 = p*v - 2*v - 26. Calculate the highest common factor of 234 and v.
26
Let k(b) = b**3 - 5*b**2 + 9*b - 7. Let d be k(4). Calculate the greatest common factor of 104 and d.
13
Let l be 3 - -1*(3 + -2). Let w = -1 + l. Suppose s + 3*c - 6 = -2, -5*c + 12 = w*s. Calculate the greatest common divisor of 32 and s.
4
Suppose -116 = -5*r + 44. Suppose -2*p = -4 - 2. Suppose -4*z - 5*q + 22 = 1, -p*q + 3 = 0. Calculate the greatest common divisor of z and r.
4
Let r(b) = b + 7. Let i be r(-3). Let y be 14/(-8) + i/(-16). Let m(t) = -37*t - 2. Let h be m(y). What is the greatest common factor of 18 and h?
18
Suppose -2*i = i - 3. Calculate the greatest common factor of 9 and i.
1
Suppose 2*n + 1 = 3*u, 2*u = -0*u + 2*n + 2. Let s be 0*2/6 + u. Let y be ((-3)/9)/(s/6). Calculate the highest common divisor of y and 5.
1
Let y(x) = -87*x.